 is 1216 - -5?
1224
In base 8, what is -1552 - 254?
-2026
In base 8, what is -1735 + -1217?
-3154
In base 13, what is 583 - 6?
57a
In base 3, what is -1220212 - 101?
-1221020
In base 13, what is 17 - 2a0?
-286
In base 9, what is 52652 - 204?
52447
In base 2, what is 11100111 + 1000011010100?
1000110111011
In base 15, what is -1c2e2 + 2?
-1c2e0
In base 13, what is 105 - 80?
55
In base 5, what is 1122102 - -2?
1122104
In base 9, what is -10 + 3475?
3465
In base 3, what is 11102 + -110001?
-21122
In base 4, what is 230211 - -1100?
231311
In base 5, what is -14144 + -334?
-20033
In base 9, what is 5064 + -254?
4710
In base 4, what is 103100210 - -2?
103100212
In base 4, what is 21021000 - -21?
21021021
In base 4, what is 2 - -3102222331?
3102222333
In base 4, what is -1001332 - -23?
-1001303
In base 12, what is -34a + 299?
-71
In base 3, what is 21201210 - 1002?
21200201
In base 14, what is 4 + -abaa1?
-aba9b
In base 5, what is -1032 - 23032?
-24114
In base 7, what is -2 + -134462?
-134464
In base 6, what is 1 - 24301552?
-24301551
In base 8, what is 207522 - 2?
207520
In base 7, what is -326 + -51342?
-52001
In base 6, what is -1455 + 250?
-1205
In base 16, what is 71 + 43?
b4
In base 9, what is -6011 + -6?
-6017
In base 13, what is -570 + 291?
-2ac
In base 13, what is -278 + -41?
-2b9
In base 15, what is 12 + 1d?
30
In base 11, what is -2 - 55403?
-55405
In base 10, what is 3 + 7288?
7291
In base 13, what is -22 + ab?
89
In base 16, what is -8a75f0 - -2?
-8a75ee
In base 15, what is 6819b - 1?
6819a
In base 4, what is 1201023311 - 1?
1201023310
In base 12, what is 4 - 7370?
-7368
In base 3, what is -11 + -110012012?
-110012100
In base 11, what is -4 + 12440?
12437
In base 11, what is 6 + 25134?
2513a
In base 14, what is 9b12 + 21?
9b33
In base 13, what is 18 - 3740?
-3725
In base 5, what is 1100031 + 322?
1100403
In base 3, what is 20121021221 - -1?
20121021222
In base 2, what is -110110 + -10011000010100100?
-10011000011011010
In base 16, what is e40 + 4?
e44
In base 6, what is 52 - 123302?
-123210
In base 11, what is -33aa4 - 3?
-33aa7
In base 10, what is -324 + -21?
-345
In base 5, what is 302 + 232?
1034
In base 10, what is 14768 + -5?
14763
In base 15, what is -138 - 14?
-14c
In base 4, what is 2 + -2022100?
-2022032
In base 11, what is -167 + -242?
-3a9
In base 16, what is -2 + 16658?
16656
In base 11, what is -124822 - 1?
-124823
In base 11, what is -33318 + -1?
-33319
In base 14, what is -28 + -39a2?
-39ca
In base 11, what is -2889 - 43?
-2921
In base 8, what is 15100 + -3?
15075
In base 13, what is -a - -10516?
10509
In base 3, what is -110012000 - 211?
-110012211
In base 2, what is 11010001 + 11010101011111?
11011000110000
In base 13, what is 119cb + 5?
11a03
In base 4, what is -10 - 11230111?
-11230121
In base 8, what is -2636 + 6?
-2630
In base 8, what is -7 - -226704?
226675
In base 16, what is 9 - -a1ad?
a1b6
In base 7, what is -25146 - 256?
-25435
In base 15, what is 1c + 60e1?
610d
In base 14, what is -64a0 + 2?
-649c
In base 3, what is 111 - -1101011011?
1101011122
In base 10, what is -103 - -4664?
4561
In base 12, what is 5 + 604899?
6048a2
In base 7, what is -12 + -3046?
-3061
In base 16, what is -68 + cf?
67
In base 4, what is 230220202 - 30?
230220112
In base 16, what is 8 - 1ef1d?
-1ef15
In base 6, what is 15302 + -23?
15235
In base 6, what is -1 + -2234211?
-2234212
In base 12, what is -595 + -61?
-636
In base 15, what is e - 245d?
-244e
In base 2, what is 11 + -1011100100001110011?
-1011100100001110000
In base 12, what is 6b7b + 2?
6b81
In base 13, what is 2b - 11?
1a
In base 11, what is 32 - -a153?
a185
In base 13, what is 1a2661 - -4?
1a2665
In base 13, what is 404 + 391?
795
In base 7, what is -14451241 + 3?
-14451235
In base 3, what is -1 - -1121211221?
1121211220
In base 11, what is 1a8a83 - 1?
1a8a82
In base 3, what is 2020200212102 + 1?
2020200212110
In base 6, what is -2143442 - -31?
-2143411
In base 4, what is -23020101 - 10?
-23020111
In base 13, what is 700bc + -a?
700b2
In base 5, what is 24 - -233121?
233200
In base 3, what is -11122021220020 - -2?
-11122021220011
In base 6, what is -2404224 + 102?
-2404122
In base 14, what is -209 + -30?
-239
In base 14, what is 4050 - 17?
4037
In base 11, what is 13322 - 3a?
13293
In base 5, what is 140 - 314430?
-314240
In base 3, what is 1120200111 - -1120?
1120202001
In base 8, what is 2 + 121330?
121332
In base 14, what is 107 + -6b?
7a
In base 9, what is -37823 - -48?
-37764
In base 8, what is 10 - 1715?
-1705
In base 2, what is 10 + 10010100000110000?
10010100000110010
In base 14, what is -d0a - -8?
-d02
In base 16, what is 162a - 4?
1626
In base 4, what is 3213 - 311?
2302
In base 7, what is -1565 - -42?
-1523
In base 2, what is 1011100 + 1000001101111001?
1000001111010101
In base 11, what is -6617 - -32?
-6595
In base 15, what is da + 30a?
3e5
In base 9, what is -1725 - -301?
-1424
In base 8, what is 3 + 44554?
44557
In base 15, what is -10 + 24d?
23d
In base 10, what is -775 - 443?
-1218
In base 12, what is 3 + 831b?
8322
In base 2, what is 110010 + -11010110101?
-11010000011
In base 4, what is -21010 + 1103202?
1022132
In base 3, what is 102 + 11212110?
11212212
In base 3, what is 112010021022102 - -2?
112010021022111
In base 13, what is -a5 - -1a?
-88
In base 4, what is 12020233 - -12?
12020311
In base 8, what is 545 - -15?
562
In base 14, what is 49773 + -2?
49771
In base 5, what is 331 - 103401?
-103020
In base 11, what is -66 - -a65?
9aa
In base 15, what is -b + -376b?
-3777
In base 5, what is -4443 - 21403?
-31401
In base 15, what is -2626e - 2?
-26271
In base 13, what is 3 + -172557?
-172554
In base 12, what is -3 - -21bb0?
21ba9
In base 9, what is 2 - 258?
-256
In base 14, what is 1 - 13bd3?
-13bd2
In base 2, what is 111111101 - -100011101001?
101011100110
In base 14, what is -3b4b - -4a?
-3b01
In base 11, what is 88 - 344?
-267
In base 6, what is 4123 + -220?
3503
In base 14, what is d47 + -73?
cb4
In base 9, what is -71104 - -1?
-71103
In base 11, what is 4 + -13a?
-136
In base 13, what is 7b8 - -804?
12bc
In base 3, what is -10120120 - 220?
-10121110
In base 6, what is -2 - -1124534?
1124532
In base 16, what is -89 - -23?
-66
In base 2, what is 101 + 11111111001011?
11111111010000
In base 12, what is -12 + 15542?
15530
In base 10, what is -37 + 7911?
7874
In base 8, what is 120 - -27?
147
In base 6, what is 130221 - -32?
130253
In base 14, what is -7 + 22d9?
22d2
In base 16, what is -20 - -be1?
bc1
In base 3, what is -21 - 102022111?
-102022202
In base 14, what is -2b - -5ba5?
5b78
In base 11, what is 0 + -785a?
-785a
In base 4, what is 102020021 - -22?
102020103
In base 15, what is 2 - 1c507?
-1c505
In base 5, what is 414111 - -40?
414201
In base 6, what is 2303 - 1541?
322
In base 9, what is 47586 - 4?
47582
In base 3, what is 212022122 + -10?
212022112
In base 9, what is 14 - -275522?
275536
In base 2, what is 111111 + -1000001001?
-111001010
In base 10, what is -360376 + -1?
-360377
In base 4, what is 1102 - -10233?
12001
In base 2, what is -10111100111 - 10000?
-10111110111
In base 11, what is -665 - 1296?
-1950
In base 6, what is -13421 + -2201?
-20022
In base 14, what is 64c8a8 - -1?
64c8a9
In base 6, what is 343104 - -5?
343113
In base 8, what is 20207 + 62?
20271
In base 3, what is -12000211110 - -10?
-12000211100
In base 4, what is 1 - 2320102313?
-2320102312
In base 5, what is 4 + -113400421?
-113400412
In base 16, what is -1df + 4?
-1db
In base 14, what is 12 - 1206?
-11d4
In base 15, what is -53b8c + -2?
-53b8e
In base 13, what is 0 + 152706?
152706
In base 11, what is -a6 + -4318?
-4413
In base 13, what is 6b754 + 0?
6b754
In base 11, what is -a - -1136?
1127
In base 15, what is c519 - a?
c50e
In base 11, what is 19957 - -4?
19960
In base 6, what is 3 + -155502?
-155455
In base 15, what is 2 + -2ee8e?
-2ee8c
In base 11, what is 109 + 5672?
5780
In base 8, what is 25616 + 70?
25706
In base 4, what is 122031 - -11231?
133322
In base 6, what is -1 + 40013?
40012
In base 8, what is 2 + 366067?
366071
In base 6, what is 223 + 35415?
40042
In base 9, what is 252807 + 1?
252808
In base 12, what is 1 - 6457?
-6456
In base 12, what is -18097 - -2?
-18095
In base 8, what is 7545 + 30?
7575
In base 16, what is 18 + 33099?
330b1
In base 7, what is 